 by z(d).
3
Let h = -4 + 1. Let n be 0/(h*2/3). Suppose -g - 2*i + 38 = n, -2*g + 5*i + 32 = -8. Calculate the remainder when g is divided by 16.
14
Let r = 529 + -345. Calculate the remainder when r is divided by 31.
29
Let g = 3 - -9. Suppose 4*v - 45 + 13 = 0. Let l = 15 + v. What is the remainder when l is divided by g?
11
Suppose -2*g - 3*g = -65. Calculate the remainder when 25 is divided by g.
12
Calculate the remainder when 3 is divided by (-4)/(-8)*12 - 3*1.
0
Let j(o) = -3*o + 8. Let n(b) = 16*b - 44. Let i(u) = -28*j(u) - 5*n(u). Calculate the remainder when 47 is divided by i(4).
11
Let r(o) = -o**3 - 2*o**2 - 2*o + 4. Let q = 5 + -8. Calculate the remainder when r(q) is divided by 7.
5
Suppose -2*z + z - 118 = 0. Let c = -83 - z. Suppose -a = -6*a + c. Calculate the remainder when 19 is divided by a.
5
What is the remainder when 60 is divided by 2/8 + 441/28?
12
Let c = 17 + -10. Calculate the remainder when 13 is divided by c.
6
Suppose 3*v - 2*r - 7 = 0, 11 = 4*v - 4*r + 3. Suppose -v*x + 0*x = -60. Calculate the remainder when 57 is divided by x.
17
Suppose 3*f + 4*d + 13 = 46, 2*f + 3*d = 21. Calculate the remainder when 86 is divided by f.
11
Suppose 2*t - 3 - 3 = 0. Let x be 1 - -2*2/4. Suppose t*v + c - 59 = 0, 82 = 4*v - x*c + 5*c. What is the remainder when v is divided by 10?
9
Suppose g = 3*t - 0*g - 34, -t - 5*g = -38. What is the remainder when 62 is divided by t?
10
Suppose k + 15 = 3*w + 4*k, -5*w + 4*k = -25. Let h = 49 + -31. What is the remainder when h is divided by w?
3
Let o be 1 + 0 + -3 + 41. Let y = -17 + o. Calculate the remainder when y is divided by 12.
10
Suppose -5*p + z + 58 = 0, 2*p - 6 = -2*z + 22. Calculate the remainder when 59 is divided by p.
11
Let y(w) = -4*w - 4*w**3 + 2*w + w - 28*w**3. Calculate the remainder when y(-1) is divided by 17.
16
Let k(r) = 14*r**2 + 3*r. Let w be k(-3). Suppose w + 39 = 4*m. What is the remainder when m is divided by 20?
19
Let u = 43 + -27. What is the remainder when 47 is divided by u?
15
Let o = -72 + 79. Calculate the remainder when 10 is divided by o.
3
Let a = -1 - -5. Let o be (0 - -6)*(-1)/(-1). Suppose -w - o = -3*c, -1 + 5 = 2*c - 4*w. Calculate the remainder when a is divided by c.
0
Let f be ((-6)/2)/((-3)/3). Suppose j - 119 = 5*x + 3*j, 5*x = f*j - 134. Let r = x + 36. What is the remainder when r is divided by 4?
3
Suppose -2*q + 16 = -5*s, -2*q - 13 = -3*s - 29. What is the remainder when 13 is divided by q?
5
Let o(p) = p**3 - p**2 - 18. Let y be o(0). Calculate the remainder when 5 is divided by ((-5)/15)/(2/y).
2
Let l = 139 - 111. Calculate the remainder when l is divided by 16.
12
Suppose 0 = 3*f + s - 43, -5*f + 5*s + 63 = -22. Let h(c) = -c**3 + 3*c**2 + 4. Let t be (-4)/(32/6)*4. What is the remainder when h(t) is divided by f?
13
Let g = -84 + 161. What is the remainder when g is divided by 40?
37
Let h(t) = 1 + 3 - 5 + 7*t. Calculate the remainder when h(4) is divided by 15.
12
Suppose 12*n + 16 = 460. What is the remainder when 221 is divided by n?
36
Let k(l) = l**3 - 6*l**2 - 6*l + 1. Let a(d) = -d - 6. Let z be a(-5). Let o be (3/(-9))/(z/21). Calculate the remainder when 14 is divided by k(o).
6
Suppose -2*t + 55 = 3*t. Suppose z = t - 3. What is the remainder when 23 is divided by z?
7
What is the remainder when -7 + (1 - -3) - -34 is divided by 17?
14
Let n = -79 + 83. What is the remainder when 31 is divided by n?
3
Let m = -5 + 9. What is the remainder when m/8 - 51/(-6) is divided by 4?
1
Suppose 5*l - 22 = 2*k + k, -3*l = -3*k - 12. What is the remainder when l is divided by 1?
0
Suppose 14 = 5*x - 1. Suppose 0 = 4*j - z + 4*z, 2*z = 0. Suppose -8 = -x*p + y - 0, j = -p + 5*y - 2. What is the remainder when 5 is divided by p?
2
Suppose 0 = -a - 2*z - z + 9, z = -5*a + 59. Suppose y - a = -y. Suppose 4*r - 86 = -y. What is the remainder when r is divided by 11?
9
Let o(g) = -g**3 - 7*g**2 - 9*g - 9. Let d = 12 - 7. Suppose -d*q + 4*f = -60, 5*q - 2*q + f - 53 = 0. Calculate the remainder when q is divided by o(-6).
7
Suppose 0*r + 4*r - v - 192 = 0, 4*v = 2*r - 82. What is the remainder when r is divided by 10?
9
Let f(h) be the first derivative of -h**3/3 + 5*h**2 + 2*h - 4. Calculate the remainder when 4 is divided by f(10).
0
Let p(r) = r + 2. Let z(o) = 2*o - 5. Let g be z(5). What is the remainder when 12 is divided by p(g)?
5
Suppose 4*l - 289 = -3*r, -r + 118 = -5*l + 28. What is the remainder when r is divided by 24?
23
Let m be (-2 + -2)/((-1)/4). Let w = m + -9. Calculate the remainder when w is divided by 3.
1
Calculate the remainder when 28 + (-5)/(-8 - -3) is divided by 11.
7
Suppose 11 = 3*o + 4*x, 0*x - 3*x + 12 = 3*o. Suppose -30 = -o*v + 5. Suppose 4*j = 20 + 28. Calculate the remainder when j is divided by v.
5
Let a be 0*(-1)/(-2) + 6. Let v be (3 - 0)/(6/208*-4). What is the remainder when 0 - (v + (a - 3)) is divided by 8?
7
Let s be 2/8 + (-22)/(-8). Suppose 5*m - 405 = 3*m + 5*v, -5*v + 595 = s*m. Suppose 0 = -4*a + m. Calculate the remainder when a is divided by 13.
11
Suppose -2*r + 29 = 11. Calculate the remainder when 36 is divided by -3*1*(-57)/r.
17
Let w(q) = q**3 - 2*q**2 - 2*q + 7. What is the remainder when 8 is divided by w(2)?
2
Suppose -4 - 2 = -2*u. Let z be (-1)/(-3) - 7/u. What is the remainder when 46 is divided by 0 + z - 126/(-7)?
14
Suppose 3*a - 8 = 70. Suppose 2*l = 4*l - 14. Calculate the remainder when a is divided by l.
5
Let r(z) = -z**3 + 3*z**2 + 6*z - 3. Let d be r(4). Let y = d - 3. Suppose -p - 6 = -y*s + 15, -3*p + 67 = 4*s. Calculate the remainder when 25 is divided by s.
12
Let k(l) = -4*l. What is the remainder when (4/(-2) + (3 - 0))*31 is divided by k(-4)?
15
Let c = 12 + -25. Let u = -22 - c. Let s(o) = o**2 + 8*o - 5. What is the remainder when s(u) is divided by 2?
0
Calculate the remainder when 129*-3*2/(-18) is divided by (11/(33/(-90)))/(-2).
13
Let x(z) = z**2 - 4*z - 2. Let s be x(5). Let i(l) = l - 5. Let h be i(6). Calculate the remainder when 38*(h + s/(-6)) is divided by 10.
9
What is the remainder when 29 is divided by 6*16*(-3)/(-18)?
13
Let f(b) = 14*b - 16. What is the remainder when 17 is divided by f(2)?
5
Suppose 3*a - 5*z - 61 = a, -3*a + 79 = -5*z. Calculate the remainder when a is divided by 5.
3
Suppose 0 = -3*i - 15 - 3. Let h = i - -8. Suppose -h*t + 3*t - 12 = 0. What is the remainder when t is divided by 7?
5
Let p(g) = -2*g**2 - 1. Let o be p(1). What is the remainder when (-28 + o)*-2 + -3 is divided by 15?
14
Calculate the remainder when -3 - (-2)/1 - (1 + -27) is divided by 18.
7
Let j(w) = -w**3 - 2*w**2 + 3*w - 5. Let p be j(-4). Suppose 2*h - p = 47. Calculate the remainder when h is divided by ((-16)/(-6))/((-2)/(-6)).
7
Suppose 3*c = 6*c - 129. What is the remainder when c is divided by 9?
7
Suppose 4*n + 2*h - 102 = -28, 5*n + 3*h = 95. Calculate the remainder when 28 is divided by n.
12
Let i be (-12)/(-1) + 3 + -6. Let c = i - 5. What is the remainder when c is divided by 2?
0
Suppose 6*d - 21*d = -555. What is the remainder when d is divided by 14?
9
Let o(u) = -u**2 + 7*u + 10. Let q be o(8). Calculate the remainder when 43 is divided by q + 63/(1 - -2).
20
Suppose 6*m - 13*m = -182. Calculate the remainder when m is divided by 4.
2
Let b = 9 + -60. Let a = b - -77. Let v = -12 - -21. What is the remainder when a is divided by v?
8
Let h(t) = 2*t**2 - 6*t + 13. Calculate the remainder when h(9) is divided by 31.
28
Let o = 86 - 66. Calculate the remainder when o is divided by 8.
4
Let c be -3 - -1 - (-2 + -2). Suppose c*v - 44 + 18 = 0. What is the remainder when -3*(((-46)/3 - -3) + 0) is divided by v?
11
Let z = -8 + 31. Let n = -10 + 15. Calculate the remainder when z is divided by ((-16)/(-5))/(2/n).
7
Let d = 5 + 4. Let r be (-2)/10 - (-29)/(-5). What is the remainder when 68/r*18/(-12) is divided by d?
8
Let c = 165 + -87. What is the remainder when c is divided by 20?
18
Let r(c) = c**3 - 7*c**2 + 2. Let v be r(7). Let a(s) = -3*s + 2 + 3*s**v - s**2 + 2*s. What is the remainder when a(2) is divided by 3?
2
Let z(a) = a**3 + 3*a**2 - 2. Let d be z(-2). Let v = -11 - -11. Suppose d*w + 5 = -m, 4*m + 4*w - w = v. Calculate the remainder when 5 is divided by m.
2
Let z be (0 - -1)*(0 + 0). Suppose -5*a + 2*u + 10 = z, 